prime number?
True
Is 720281 prime?
True
Is 11359 prime?
False
Is 609043 prime?
True
Is 4215259 prime?
True
Is 362969 a prime number?
True
Is 155065 prime?
False
Is 367417 a composite number?
True
Is 20191 a prime number?
False
Is 182797 composite?
True
Is 399059 prime?
True
Is 12071 composite?
False
Is 1255 composite?
True
Is 467183 composite?
False
Is 25261 composite?
False
Is 506291 a prime number?
True
Is 13121 prime?
True
Is 9253 prime?
False
Is 7655 a composite number?
True
Is 1619977 composite?
True
Is 25943 a composite number?
False
Is 995881 composite?
False
Is 33973 a prime number?
False
Is 1672603 a composite number?
False
Is 1042 composite?
True
Is 112237 a composite number?
False
Is 2411 prime?
True
Is 350803 a prime number?
True
Is 133691 composite?
False
Is 853 a prime number?
True
Is 1759 composite?
False
Is 52999 a composite number?
False
Is 5227 composite?
False
Is 116555 prime?
False
Is 1013645 a composite number?
True
Is 86455 a composite number?
True
Is 4149161 a prime number?
True
Is 6353 prime?
True
Is 54079 composite?
True
Is 262303 a composite number?
False
Is 2897 composite?
False
Is 6469 composite?
False
Is 33973 a composite number?
True
Is 633293 prime?
False
Is 111821 prime?
True
Is 961447 a composite number?
False
Is 124517 a prime number?
False
Is 38455 composite?
True
Is 38501 prime?
True
Is 239009 a composite number?
True
Is 182986 a composite number?
True
Is 2590313 prime?
False
Is 642737 a composite number?
False
Is 39821 a prime number?
True
Is 564127 composite?
False
Is 2949 a prime number?
False
Is 14107 composite?
False
Is 2543279 a composite number?
False
Is 6353 composite?
False
Is 8257 prime?
False
Is 6503 prime?
False
Is 42509 a prime number?
True
Is 15469 a composite number?
True
Is 59379 a composite number?
True
Is 14447 composite?
False
Is 1979 prime?
True
Is 24487 a prime number?
False
Is 22297 a prime number?
False
Is 31173 a prime number?
False
Is 3557 prime?
True
Is 13253 a composite number?
True
Is 32937 a prime number?
False
Is 215381 composite?
False
Is 3973 prime?
False
Is 1055 composite?
True
Is 609449 a prime number?
False
Is 428477 a prime number?
False
Is 351149 a prime number?
False
Is 86743 prime?
True
Is 37423 prime?
True
Is 467371 composite?
False
Is 119 a composite number?
True
Is 75851 a composite number?
True
Is 93831 a prime number?
False
Is 3155 a prime number?
False
Is 19027 a prime number?
False
Is 202021 prime?
True
Is 8593 a prime number?
False
Is 30769 prime?
False
Is 1047031 composite?
False
Is 13523 prime?
True
Is 1744139 composite?
False
Is 95369 a prime number?
True
Is 305209 composite?
False
Is 501457 a prime number?
False
Is 49727 composite?
False
Is 14941 a composite number?
True
Is 12889 a prime number?
True
Is 3593 prime?
True
Is 21799 prime?
True
Is 6445 composite?
True
Is 867413 a prime number?
True
Is 35051 a composite number?
False
Is 114941 prime?
True
Is 703 a prime number?
False
Is 437 composite?
True
Is 1465 prime?
False
Is 34837 composite?
True
Is 424997 prime?
True
Is 1087 a composite number?
False
Is 3221 a composite number?
False
Is 24169 composite?
False
Is 140797 composite?
False
Is 319339 a composite number?
False
Is 60209 a composite number?
False
Is 679111 a prime number?
True
Is 125371 a prime number?
True
Is 67261 a composite number?
False
Is 185 a prime number?
False
Is 95369 prime?
True
Is 13483 composite?
True
Is 1709 prime?
True
Is 94709 prime?
True
Is 354421 prime?
True
Is 257339 composite?
False
Is 33563 prime?
True
Is 59441 a prime number?
True
Is 2129 a composite number?
False
Is 150631 a prime number?
False
Is 209 prime?
False
Is 47207 prime?
True
Is 3814 composite?
True
Is 14903 prime?
False
Is 142297 a prime number?
True
Is 9131 a composite number?
True
Is 68395 composite?
True
Is 280523 a composite number?
True
Is 1371053 a composite number?
True
Is 893 prime?
False
Is 25391 a prime number?
True
Is 19889 prime?
True
Is 17657 a prime number?
True
Is 19967 a composite number?
True
Is 1092958 prime?
False
Is 102953 a composite number?
False
Is 7753 a prime number?
True
Is 9953 composite?
True
Is 922679 a composite number?
False
Is 1459 composite?
False
Is 109423 composite?
False
Is 18779 composite?
True
Is 34115 composite?
True
Is 12589 composite?
False
Is 9791 prime?
True
Is 29077 prime?
True
Is 266107 a composite number?
True
Is 1372939 composite?
True
Is 62459 composite?
False
Is 239557 a prime number?
True
Is 57877 composite?
True
Is 24589 a composite number?
True
Is 347 prime?
True
Is 20063 composite?
False
Is 13169 composite?
True
Is 10081 a composite number?
True
Is 2310377 composite?
True
Is 113541 a composite number?
True
Is 53765 a composite number?
True
Is 36845 a prime number?
False
Is 2423 composite?
False
Is 5039 prime?
True
Is 24773 prime?
False
Is 65761 prime?
True
Is 314 a composite number?
True
Is 130991 prime?
False
Is 249119 a composite number?
True
Is 73069 composite?
True
Is 43177 composite?
False
Is 1119554 prime?
False
Is 631 composite?
False
Is 54515 a composite number?
True
Is 2941 composite?
True
Is 903235 a prime number?
False
Is 974003 prime?
True
Is 28429 prime?
True
Is 4193 composite?
True
Is 251089 composite?
True
Is 275627 prime?
False
Is 25523 prime?
True
Is 1102639 composite?
True
Is 14597 prime?
False
Is 1368865 prime?
False
Is 75889 prime?
False
Is 59611 a prime number?
True
Is 3585131 a composite number?
True
Is 378523 composite?
False
Is 7769 a prime number?
False
Is 7639 a composite number?
False
Is 42167 a composite number?
True
Is 1471 a prime number?
True
Is 107831 a prime number?
False
Is 136923 a prime number?
False
Is 16255 prime?
False
Is 19347 a composite number?
True
Is 6405621 a prime number?
False
Is 7627 a prime number?
False
Is 5666 a prime number?
False
Is 2253169 composite?
False
Is 223903 a composite number?
False
Is 8402 a prime number?
False
Is 14969 prime?
True
Is 9551 a prime number?
True
Is 1919503 a composite number?
False
Is 39322 composite?
True
Is 15907 a composite number?
False
Is 148989 a composite number?
True
Is 1426505 a prime number?
False
Is 1336997 prime?
True
Is 2599 prime?
False
Is 92693 a prime number?
True
Is 3989 prime?
True
Is 88129 a prime number?
True
Is 10007 a composite number?
False
Is 12394 a composite number?
True
Is 80059 composite?
True
Is 26067 a prime number?
False
Is 1563 a composite number?
True
Is 10427 composite?
False
Is 28387 a composite number?
False
Is 2491 composite?
True
Is 77191 prime?
True
Is 5269 a composite number?
True
Is 6005 composite?
True
Is 6769 composite?
True
Is 10313 composite?
False
Is 39071 a prime number?
False
Is 16621 composite?
True
Is 366557 composite?
True
Is 23783 a composite number?
True
Is 139951 a prime number?
False
Is 347857 prime?
False
Is 8201 a composite number?
True
Is 5627 a prime number?
False
Is 180619 a composite number?
True
Is 10969 a prime number?
False
Is 531071 a composite number?
False
Is 3587 a prime number?
False
Is 34027 prime?
False
Is 298181 a prime number?
False
Is 605309 prime?
True
Is 65579 composite?
False
Is 1694599 composite?
False
Is 694189 composite?
False
Is 448802 composite?
True
Is 2327 a composite number?
True
Is 96467 a prime number?
False
Is 1823 composite?
False
Is 13477 a prime number?
True
Is 1217 a prime number?
True
Is 13369 a composite number?
True
Is 638923 prime?
True
Is 388301 composite?
False
Is 329177 a prime number?
True
Is 5021 composite?
False
Is 18301 a prime number?
True
Is 112453 a prime number?
False
Is 723 composite?
True
Is 290201 prime?
True
Is 1528927 a composite number?
True
Is 614311 prime?
False
Is 82807 composite?
True
Is 38989 composite?
True
Is 14867 a prime number?
True
Is 1111 a prime number?
False
Is 197779 a prime number?
True
Is 106781 a composite number?
False
Is 267829 composite?
False
Is 47227 a prime number?
False
Is 103909 composite?
True
Is 1173979 a composite number?
False
Is 209561 a composite number?
True
Is 140626 prime?
False
Is 398039 prime?
True
Is 25563 a composite number?
True
Is 3793 a prime number?
True
Is 1458521 a prime number?
True
Is 170737 prime?
False
Is 68993 a composite number?
False
Is 333769 a prime number?
True
Is 14431 a prime number?
True
Is 995161 prime?
False
Is 27483 a composite number?
True
Is 230017 prime?
T